t o be (1*-4)/(2 + (-304)/148). Suppose -l + o = -g, -4*l = -18*g + 16*g - 304. Calculate the greatest common divisor of 117 and l.
39
Let a be 2/(12/5) + (-15696165)/(-9846). What is the greatest common divisor of a and 253?
11
Let k be (10129/14*-2)/(-1). Suppose 24*u = -5*m + 23*u + k, -867 = -3*m - u. Calculate the highest common divisor of 58 and m.
58
Suppose 0 = -3*y + 109 - 97. Suppose y*d = -102 + 1030. Calculate the highest common divisor of 8 and d.
8
Let a be 6/21 + (-4)/(-56)*5414. Suppose -3*p = 3*t - a, -13*t - 141 = -p - 11*t. What is the greatest common factor of p and 38?
19
Let n = -7 - -74. Let i be -1 + -8*(15/12 + -2). Suppose 3*v + p = v + n, -i*v = 5*p - 170. Calculate the greatest common factor of v and 3.
3
Let z(h) = h**2 - 4*h - 42. Let i be z(-6). Let o be ((-18)/81 - (-1318)/i) + -3. Calculate the highest common factor of o and 30.
10
Let x(f) = -f**3 - 22*f**2 + 30*f + 176. Let v be x(-23). Suppose 0 = -o + v. What is the highest common factor of 72 and o?
3
Let j(f) = 34*f**2 + 930*f - 49. Let n be j(-29). What is the highest common factor of n and 275?
25
Let j(w) = 13*w + 72*w - 119 + 21 + 41*w. Let p be j(2). What is the greatest common factor of 176 and p?
22
Let y(c) = c**2 + 3*c + 1. Let g be y(-3). Let q be (5 - g - 7 - -50) + 1. Suppose 0*o + 128 = 2*o. Calculate the greatest common divisor of o and q.
16
Let s = -81 - -83. Suppose 0 = s*d - 5*d + 432. Suppose -p = 4*w - 253, -4*p = w + w - d. What is the greatest common factor of w and 124?
62
Let r be (3 - -57)*(-5 + 0). Let n = 310 + r. Calculate the highest common divisor of n and 22.
2
Let t(j) = -73*j + 1391. Let y be t(19). Let b(l) = 3*l**2 + 7*l - 10. Let o be b(5). What is the highest common factor of o and y?
4
Suppose c + 11 + 19 = 0. Let l be 3/((-6)/(-32)) - (-30)/c. Let f be 2*l*2*(-19)/(-38). Calculate the highest common factor of 15 and f.
15
Let o = 16 - 10. Suppose -3*s = 3*u - 1731, -2*u - 11*s = -o*s - 1151. What is the highest common factor of u and 34?
34
Let x be (-4)/(-14) - 2250/(-14). Let k be 4/(0 + -12) + 4*(-70)/(-12). What is the greatest common factor of k and x?
23
Suppose -592 = 7*s - 2629 - 1638. Calculate the highest common factor of s and 35.
35
Suppose -24*t - 168 = -10*t. Let h(p) = p**2 + 14*p + 27. Let s be h(t). What is the greatest common divisor of s and 7?
1
Let f(y) = -4945*y + 324. Let c be f(-9). Calculate the greatest common divisor of c and 153.
153
Suppose -82616 = -178*f - 17646. What is the highest common factor of 657 and f?
73
Let t = 1570 + -1111. Suppose -3*b = -0*b + 4*p - t, 4*b - 5*p - 612 = 0. Let g = 1858 - 1841. Calculate the greatest common divisor of g and b.
17
Suppose 104*q - 109*q + 40 = 0. Let n(d) = 255*d - 119. Let x be n(1). What is the greatest common divisor of q and x?
8
Suppose -12*i + 50944 + 66476 = 0. Calculate the highest common divisor of 309 and i.
103
Let g(q) = -q**3 + 3*q**2 + 2*q + 4. Let r be -9*((-21)/(-9) + -2). Let v be g(r). Suppose -2*i - 2*i = -v. Calculate the highest common factor of 91 and i.
13
Suppose -2442 = -3*b + 3*q, 0 = 4*b - 11*q + 13*q - 3268. What is the highest common divisor of 192 and b?
48
Suppose -4*z - 5*c = -6*c - 110, 4 = 2*c. Calculate the greatest common divisor of 4396 and z.
28
Suppose 2*b - 235*n + 236*n = 327, 0 = -5*n - 5. Calculate the highest common factor of 123 and b.
41
Let g(y) = -51*y + 1. Let d be g(-1). Let m be (d/14)/((-10)/(-70)). Let r be -4 + 1 + m + 2. What is the highest common divisor of r and 175?
25
Let w(n) = -65*n - 5. Let x be w(-4). Suppose 0*i - x = -5*i. Let q be 6/4*136/i. What is the greatest common divisor of q and 16?
4
Let c(n) = -5037*n**3 + 2*n**2 + 6*n + 4. Let k be c(-1). Suppose 0 = 14*h - k + 851. Calculate the greatest common divisor of 26 and h.
13
Let o(r) be the first derivative of 13*r**2/2 - 23*r - 13. Let n be o(2). Suppose 7*i = 12*i - 105. What is the highest common divisor of n and i?
3
Let s(i) = -5*i - 46. Let f be s(-12). Suppose 9*q - 4*q + 5 = 0, -f = -j + 5*q. What is the greatest common divisor of j and 333?
9
Suppose -2*i - 2*i = -1040. Let b(w) = -w**2 - 71*w + 18304. Let r be b(-175). What is the greatest common divisor of r and i?
52
Let w(f) = 7*f - 2. Let v be w(2). Let s = 111 - -52. Suppose -s + 19 = -8*y. What is the highest common factor of v and y?
6
Suppose -5*g + 110 = -20. Let v = -96 - -80. Let b = v + g. What is the highest common factor of 90 and b?
10
Suppose 0 = -3*s + q + 71, -4*q + 6*q - 42 = -2*s. Let d be (-9 - -1)/((-98)/1127). Calculate the highest common factor of s and d.
23
Let c = 94 - 90. Let r be (87/6)/(c/8). Calculate the greatest common divisor of 29 and r.
29
Let c be 6*81*1648/309. What is the highest common divisor of 96 and c?
96
Let g(c) = -c**3 + 11*c**2 + 32*c + 153. Let r be g(14). Calculate the greatest common factor of r and 26.
13
Suppose 0 = -14*f - 192 + 1298. Let d = 105 - f. Calculate the highest common factor of d and 2.
2
Let k = -226 + 422. Suppose 2*u + 8 = k. What is the highest common factor of u and 2?
2
Let f(k) = 11*k + 8. Let x be f(9). Let z be ((-494)/(-57))/((-8)/60). Let i = x + z. Calculate the highest common factor of 6 and i.
6
Suppose -w + 4*h = -110, -365 = -4*w - 3*h + 4*h. Let c = 92 - w. What is the highest common factor of c and 54?
2
Let o = 15367 + -15003. What is the highest common divisor of 1484 and o?
28
Suppose -y + 5 = 2*i, -7*i = -y - 4*i. Let s(r) = 2*r**2 + 2*r + 12. Let u be s(y). Calculate the greatest common factor of u and 8.
4
Let s be (2*1)/(10/85). Let q be -3 + 93 - (-11)/((-33)/15). What is the highest common factor of s and q?
17
Suppose -z - 2*r = -4*z + 262, 2*r - 168 = -2*z. Suppose 0 = -55*m + 57*m - z. Calculate the highest common divisor of 215 and m.
43
Let v(y) = 8*y**2 - 389*y - 187. Let s be v(53). Calculate the highest common divisor of 24 and s.
12
Let u be -20*7*(-33)/660. Suppose 7 = l - 4*x, l - 12 = -5*x - 5. Calculate the highest common divisor of l and u.
7
Let n = 437 + -433. Suppose 5*j - 390 = 2*i, -n*j + 233 = -j - i. What is the highest common divisor of j and 266?
38
Let i be ((-36)/32)/((-187)/26928). What is the greatest common divisor of 2754 and i?
162
Let m(q) = q**2 - 38*q - 3716. Let d be m(83). Suppose -2*j - j = -96. Let i be (j/(-8))/(2/(-38)). Calculate the greatest common factor of i and d.
19
Let j be 1/(((-1)/11)/(-1)). Let n be -41 + 2/10*-5. Let m be (3/(-1))/(n/1386). Calculate the greatest common factor of j and m.
11
Let w = -3139 - -4435. What is the greatest common divisor of 3 and w?
3
Let b be ((-102)/(-5))/(453/18875). Let t = -25 - -42. Calculate the greatest common divisor of b and t.
17
Suppose 4*b = -4*l + 672, 492 = 3*b - 0*l - 3*l. Suppose 7*u - b - 121 = 0. What is the highest common factor of 1 and u?
1
Suppose 3*u = 4*t + 42, 0 = 5*u + 5*t - 22 - 48. Let w be 0 + -3 + (12 - -677). Calculate the greatest common divisor of u and w.
14
Let y(b) = 284*b**2 - 461*b + 4. Let v be y(3). Calculate the greatest common divisor of 1926 and v.
107
Suppose b + 40 = 2*o, 1341*o - 1337*o - 3*b = 88. Let k be 1*(0 - 2) - -4. Calculate the highest common factor of o and k.
2
Suppose -18 = -4*c - 5*p + 3, 0 = -4*c - p + 17. Suppose 39 = c*t - 9. Suppose -2*y - y + 90 = 0. Calculate the highest common divisor of y and t.
6
Let v(f) = f**3 - 7*f**2 - 11*f - 15. Let a be v(9). Suppose -3*p - 768 = -5*p. Calculate the greatest common divisor of a and p.
48
Suppose -7*z + 500 = 416. Let k = 15 - 13. Suppose k*i = 6*i + x - 194, 0 = 3*i + 3*x - 150. What is the highest common factor of i and z?
12
Let h(w) = 955*w - 6333. Let y be h(7). What is the greatest common divisor of y and 26752?
352
Let d(y) be the first derivative of 2*y**2 + 113*y + 2 + 0*y**2 - 129*y. Let u be d(10). Calculate the highest common factor of 72 and u.
24
Let m = -283 - -348. Suppose -86 = -2*z + 44. What is the greatest common divisor of m and z?
65
Let w(v) be the second derivative of v**5/20 + 2*v**4/3 + 5*v**3/2 + 14*v**2 + 149*v. Let p be w(-5). What is the highest common divisor of 364 and p?
28
Let v be (-18)/3 - (30 - 44). Let l(k) = 8*k - 14. Let r be l(4). What is the highest common divisor of r and v?
2
Suppose -2*l + 355 = 3. Let x(v) = v**2 + 28*v + 163. Let q be x(-2